(c) = -n(c) + 4*r(c). Calculate p(q).
0
Let p(q) be the first derivative of -2*q**2 - 59*q + 8974. What is p(-15)?
1
Let g(c) = c**2 + 3*c - 16. Let r be g(-4). Let d(b) = -6*b - 60. Let v be d(r). Let l(i) = i**2 - 12*i + 8. What is l(v)?
8
Let c be 3 + 0 + (1 + 6)/7. Let t = -9 + 21. Let w be 40/t*(-6)/c. Let o(k) = k**3 + 5*k**2 - k - 7. Calculate o(w).
-2
Let i(k) = 89*k - 1602. Let u be i(18). Let y(a) be the third derivative of 26*a**2 - 1/6*a**3 - 5/12*a**4 + u*a + 0. What is y(1)?
-11
Let j(x) = 3*x**3 - 2*x**2 + 3*x - 4. Suppose 27*c + 35*c - 124 = 0. Give j(c).
18
Let z(i) = i**3 + 12*i**2 + 10*i - 8. Let x = 66 - 64. Suppose 4*o = x*o - 22. Let v be z(o). Let t(y) = 4*y - 2. Give t(v).
10
Let l(o) = -o**2 + 12*o - 12. Let f(y) = -3*y**2 + 40*y - 39. Let t(j) = -2*f(j) + 7*l(j). Suppose -5*a + 4 + 8 = -p, 15 = 5*a. What is t(p)?
-3
Let t(u) = -u**2 + 7*u. Suppose -4*z + 5*o = -29, 5*o = 2*z - 20 + 3. Let i = -8 - -10. Suppose -i*b = 3*k - z, -22 = -2*b - 2*k + 7*k. Calculate t(b).
6
Let d(s) = -29*s - 1686. Let m be d(-58). Let w(b) = -b**2 + 33*b + 139. What is w(m)?
-9
Let p be 2*3*(4/(-3) + 2). Suppose 5*v - v = -p. Let a be (-1 + v - -2)*-1. Let c(y) = y**3 - y + 15. Give c(a).
15
Let l(h) = 5*h + 4. Suppose 2*o - 5*j - 336 = -364, -2*j + 13 = o. Give l(o).
9
Let y be 365/(-73) - (-2 + 4). Let q(g) = 25*g + 36. What is q(y)?
-139
Suppose 3*b - 12 = 11*r - 2*r, -4*b - 40 = -4*r. Let f(g) = -5*g**2 - 87*g - 24. Give f(b).
10
Let x(k) = -k**2 - 5*k - 3. Suppose 16 = 4*y - 0*y. Suppose 0 = -4*i - 4, -l + 2*i = -y*l + 4. Suppose c + 3 = -l*f - 2, 3*f = -3. What is x(c)?
3
Let g(q) = -2*q - 3 + 2 - 2 + 7. Let a = -26 + 44. Suppose 3*m - 4*x + a = 3, -2*x = -4*m - 20. Calculate g(m).
14
Let r(q) = -6*q**2 + 23*q + 10. Let x be 48/18 - -20*(-5)/(-30). Determine r(x).
-68
Let k be (7 - (-44)/(-6))*(-2259 - 0). Let q(h) = -2*h - h - k + 750. Calculate q(-7).
18
Suppose -y + 19 = -2*t, 45 = -5*t + 5*y - 3*y. Let w(h) be the first derivative of -h**2 + 4*h - 5. What is w(t)?
18
Let u(m) = 2*m**2 - 2*m + 1. Let c be u(2). Suppose v - c - 3 = z, 4 = -v - 3*z. Suppose -4*i + 2 = -2*i + 4*p, 2 = -i - v*p. Let h(w) = -w**2 + 3. Give h(i).
-6
Let f(v) be the second derivative of -11*v**3/6 - 229*v**2/2 - 5583*v. Give f(-21).
2
Let p be (-68)/(-35) - (-148)/2590. Let y(f) be the second derivative of -f**4/12 - f**3/3 - f**2/2 - 3*f. Calculate y(p).
-9
Let b(w) = -5 + 30 - 3*w - 2 + 4*w - 1. What is b(-39)?
-17
Let c(z) = 3*z + 2 + 2 - 8498*z**2 - z**3 + 17183*z**2 - 8682*z**2. Suppose 3*a - 45 - 20 = -5*t, 0 = 3*t - 5*a - 5. Let x = t + -7. Calculate c(x).
13
Let o be 1/(261/(-1218)*1/3). Let y(a) = -13*a - 119. Determine y(o).
63
Suppose -2*c + 90 = 5*i, 54 = 3*i + 50*c - 49*c. Let v(m) = -m**2 + 15*m + 25. Calculate v(i).
-29
Let f be (-4)/(-14) + 642/(-42). Let w(p) = 115*p**3 - 70*p**2 + 70*p - 88. Let v(b) = -67*b**3 + 42*b**2 - 42*b + 53. Let n(l) = -12*v(l) - 7*w(l). Give n(f).
-5
Let w(i) = 2*i - 1 + 2*i**3 - 3*i - i**3 - i**2. Let a(n) = -n**3 - 25*n**2 + n + 23. Let f be a(-25). What is w(f)?
-11
Let u(d) = 26*d - 382. Let h(k) = -3*k + 4. Let x(j) = 36*h(j) + 2*u(j). Calculate x(-11).
-4
Let o be 2*(-7)/(7/(-2)). Suppose 5*v + 7*q = o*q + 47, 3*v - 3*q - 33 = 0. Let t be 31/(-5) + (52/v - 5). Let u(b) = -b**2 - b + 6. What is u(t)?
-24
Let y(s) = -27*s - 1406. Let a be y(-52). Let t(x) = 12*x + 25. Determine t(a).
1
Let n(j) be the second derivative of -j**5/60 - j**4/6 - 14*j**3/3 - j - 2. Let s(r) be the second derivative of n(r). Calculate s(5).
-14
Let c(r) = -10277*r**2 - 10285*r**2 + 16 + 20560*r**2 - 2*r. Give c(-3).
4
Let p(l) = -l**2 + 4*l + 12. Let f be p(10). Let h = -42 - f. Let q be (-14 + 11)/(h/(-8)). Let i(a) = -a**3 + 4*a**2 + 6*a - 6. Determine i(q).
18
Let o(r) = r**2 - 17*r + 71. Suppose 1426 = -57*y + 2167. Calculate o(y).
19
Let n(i) = -55*i + 1745. Let z be n(32). Let b(a) = -a**3 - 15*a**2 - a - 37. Give b(z).
-22
Let i(n) = n**2 - 9*n + 23. Let w = -13355 - -13361. Calculate i(w).
5
Let b(r) = 3*r - 3. Let s(g) = 9*g - 10. Let x(i) = -11*b(i) + 4*s(i). Let l(d) = -878*d - 10531. Let c be l(-12). Determine x(c).
8
Suppose 0 = -2*m + 2*d + 14, 288*m - 287*m = 4*d + 13. Let l(o) = o**3 - 7*o**2 + 6*o + 6. Give l(m).
-14
Let n(b) be the first derivative of 2*b**2 + 1/4*b**4 + 2*b - 296 + 4/3*b**3. Give n(-4).
-14
Suppose 25*c = 15*c - 25*c + 140. Let s(p) = 3*p + 1 + 1 - 3 - 2. Give s(c).
9
Suppose 10*a - 69 - 99 = 52*a. Let y(k) = -6*k**3 - 9*k**2 + 9*k + 7. Let w(v) = -5*v**3 - 8*v**2 + 8*v + 6. Let l(r) = 5*w(r) - 4*y(r). Calculate l(a).
-14
Let q be ((-15)/6)/((-20)/16). Let i(v) = -6*v**2 - 719*v + 5*v**q + 729*v - 1. Calculate i(8).
15
Let b(n) = -402*n - 1611. Let k be b(-4). Let z(l) = -13*l**2 + 3*l + 1. What is z(k)?
-125
Let m be (-57)/(-57)*-1*4. Let i be (-258)/(-129) + (4*m)/(-2). Let u(y) = y - 3. What is u(i)?
7
Let x(t) = -7*t**3 + 48*t**2 - 12*t - 12. Let v(a) = 4*a**3 - 29*a**2 + 7*a + 6. Let c(k) = -5*v(k) - 3*x(k). Give c(-2).
0
Let b(l) = -133*l - 153. Let t(a) = -92*a - 155. Let f(q) = 3*b(q) - 4*t(q). Determine f(5).
6
Let a(s) be the second derivative of -72*s - 564*s**3 + 1132*s**3 - 567*s**3. Give a(-1).
-6
Let k(c) be the first derivative of -21 - 1/4*c**4 + 0*c + 0*c**2 + 0*c**3. Let d(n) = -4*n**3 + 5*n**2 - n - 5. Let y(h) = -d(h) + 3*k(h). What is y(4)?
-7
Let r(t) be the third derivative of -112*t**2 + 0*t + 1/60*t**5 + 1/24*t**4 + 0 + 13/6*t**3. Calculate r(0).
13
Let r(l) = -2*l**2 + 9*l - 4. Let t be 1*6*1/2. Suppose t = -f, -4*g - 42*f = -38*f - 12. Calculate r(g).
-22
Let y(p) = -p**2 - 3*p - 4. Suppose 4*q + 5 = -5*f, -f + 105*q - 7 = 107*q. Determine y(f).
-22
Let q(k) = -3*k**2 + 89*k - 166. Let h be q(2). Let c(m) be the third derivative of 0*m + 1/8*m**4 + h - 12*m**2 + 1/60*m**5 - 1/2*m**3. Calculate c(-5).
7
Suppose 28*p - 27 = 57. Let t(y) = 3*y + 9. Suppose 0 = -5*h + 12 - 2. Let q(x) = -3*x - 10. Let i(k) = h*q(k) + p*t(k). Calculate i(-5).
-8
Let x(s) = -s**2 + 0 - 13 + 24*s - 5 - 11 - 16. What is x(23)?
-22
Let w(h) = h**3 + 35*h**2 - 247*h - 38. Let a be w(-41). Let i = 11 + -6. Let u(t) = -4*t + 3 + 3*t + i*t. What is u(a)?
15
Let p(o) = -o**2 + o - 21. Let n be (-1)/((-9)/30*25/30). Give p(n).
-33
Let k(r) = r**3 + 21*r**2 + 41*r + 62. Let b be k(-19). Let q(i) be the first derivative of i**4/4 - 5*i**3/3 + 2*i**2 - 10*i - 4. What is q(b)?
10
Let k(u) = -55*u + 124*u**2 + 750 - 32*u**2 - 31*u**2 - 29*u**2 - 31*u**2. Determine k(31).
6
Let c(z) = -12*z + 109. Let q(r) = -10*r + 94. Let b(d) = 6*c(d) - 7*q(d). What is b(5)?
-14
Suppose -u - 2*i - 5 = 0, 4*u + 4*i + 19 = -u. Let g(c) = -c**2 - 8*c - 12. Let d be g(u). Let k(l) = l**3 + 24*l - 14*l - 7*l - 4*l**2. What is k(d)?
0
Let q = -1112 - -1108. Let h(i) = -i**3 - 6*i**2 - 9*i - 6. Determine h(q).
-2
Let t(o) = 25*o**2 + 9*o + 20. Let l(q) = -71*q**2 - 27*q - 61. Let g(w) = 6*l(w) + 17*t(w). Determine g(-5).
-6
Let z(n) = -n**3 + 3*n**2 - 2*n - 2. Suppose -4*s + 0*o + 3*o = 363, -5*o + 357 = -4*s. Let j = 95 + s. Give z(j).
-2
Let p(c) = 6*c**2 + 9*c - 20. Let u be p(7). Let g(o) = -338*o**2 + u*o**2 + 4*o + 5*o + 1. Calculate g(8).
9
Let l(t) = 2*t - t**2 + 0*t**2 - 3 + 2*t**2. Let c = 228 - 221. Suppose -c = -8*b - 31. Determine l(b).
0
Let t(q) = -17. Let k(a) = -a - 4. Let n(f) = 6*k(f) - t(f). Let v be n(-2). Let s(z) be the third derivative of -z**4/24 - z**3/3 - z**2. What is s(v)?
-7
Let t(r) = -12017 + 24035 - 3*r - 12022. Let y(z) = -z. Let p = -1 - 0. Let b(f) = p*t(f) + 2*y(f). Calculate b(-6).
-2
Let y(c) be the second derivative of c**3/6 - 23*c**2/2 + 426*c. Give y(9).
-14
Let v(i) = i + 6. Suppose -2*z = 5*q - 7*z - 5, 2 = -2*q + 4*z. Let f(w) = w**2 - 44*w + 120. Let l be f(q). Calculate v(l).
3
Let a = 7675 + -7673. Let z(k) = 29*k**2 - 57*k + 4. What is z(a)?
6
Let k(m) = -13*m + 28. Suppose 0 = -20*u - u - 11*u + 160. Determine k(u).
-37
Suppose -3*f + 4*f + 40 = -3*f, 4*f = -c - 37. Let p(q) be the third derivative of -q**6/120 + q**5/15 - q**4/6 + q**3/2 - q**2. Calculate p(c).
0
Suppose -238 = -3*l - 151. Suppose -l*t - 8*t = -259. Let z(i) = 1 + 4*i - i**2 + 0 + 2*i. Give z(t).
-6
Let z(f) = 4*f**3 + 20*f**2 + 13*f - 11. Let t(y) = y**3 + 4*y**2 + y. Let o(a) = 3*t(a) - z(a). Give o(